{"id":112,"date":"2026-03-28T06:40:05","date_gmt":"2026-03-28T06:40:05","guid":{"rendered":"https:\/\/haiku.best\/?page_id=112"},"modified":"2026-03-28T06:40:06","modified_gmt":"2026-03-28T06:40:06","slug":"dlaczego","status":"publish","type":"page","link":"https:\/\/haiku.best\/index.php\/dlaczego\/","title":{"rendered":"dlaczego"},"content":{"rendered":"\n<div class=\"wp-block-group alignfull is-style-section-5 is-layout-flow wp-block-group-is-layout-flow is-style-section-5--1\" style=\"min-height:100vh;margin-top:0;margin-bottom:0;padding-top:var(--wp--preset--spacing--50);padding-right:var(--wp--preset--spacing--50);padding-bottom:var(--wp--preset--spacing--50);padding-left:var(--wp--preset--spacing--50)\">\n<div class=\"wp-block-columns alignfull is-layout-flex wp-container-core-columns-is-layout-47c06fe3 wp-block-columns-is-layout-flex\">\n<div class=\"wp-block-column is-layout-flow wp-block-column-is-layout-flow\">\n<div class=\"wp-block-cover is-light\" style=\"min-height:100vh;aspect-ratio:unset;\"><img loading=\"lazy\" decoding=\"async\" width=\"806\" height=\"1024\" class=\"wp-block-cover__image-background wp-image-113 size-large\" alt=\"\" src=\"https:\/\/haiku.best\/wp-content\/uploads\/2026\/03\/kobieta-torun-1-806x1024.jpg\" data-object-fit=\"cover\" srcset=\"https:\/\/haiku.best\/wp-content\/uploads\/2026\/03\/kobieta-torun-1-806x1024.jpg 806w, https:\/\/haiku.best\/wp-content\/uploads\/2026\/03\/kobieta-torun-1-236x300.jpg 236w, https:\/\/haiku.best\/wp-content\/uploads\/2026\/03\/kobieta-torun-1-768x976.jpg 768w, https:\/\/haiku.best\/wp-content\/uploads\/2026\/03\/kobieta-torun-1-1209x1536.jpg 1209w, https:\/\/haiku.best\/wp-content\/uploads\/2026\/03\/kobieta-torun-1-1612x2048.jpg 1612w, https:\/\/haiku.best\/wp-content\/uploads\/2026\/03\/kobieta-torun-1-scaled.jpg 2015w\" sizes=\"auto, (max-width: 806px) 100vw, 806px\" \/><span aria-hidden=\"true\" class=\"wp-block-cover__background has-background-dim-0 has-background-dim\" style=\"background-color:#838383\"><\/span><div class=\"wp-block-cover__inner-container is-layout-flow wp-block-cover-is-layout-flow\">\n<div style=\"height:var(--wp--preset--spacing--20)\" aria-hidden=\"true\" class=\"wp-block-spacer\"><\/div>\n<\/div><\/div>\n<\/div>\n\n\n\n<div class=\"wp-block-column is-layout-flow wp-block-column-is-layout-flow\">\n<div class=\"wp-block-group is-vertical is-content-justification-stretch is-nowrap is-layout-flex wp-container-core-group-is-layout-9a2e2d63 wp-block-group-is-layout-flex\" style=\"min-height:100%\">\n<p class=\"has-text-align-left has-x-large-font-size\" style=\"line-height:1.2\">nie rozp\u0142yn\u0105\u0107 si\u0119 <br><br>nie by\u0107 tylko cz\u0119\u015bci\u0105 facbooka<br><br>si\u0119 by\u0107 po swojemu<br><br><\/p>\n\n\n\n<p><\/p>\n\n\n\n<p><\/p>\n\n\n\n<p><\/p>\n\n\n\n<p><\/p>\n\n\n\n<div class=\"wp-block-group is-nowrap is-layout-flex wp-container-core-group-is-layout-f1189ed3 wp-block-group-is-layout-flex\">\n<p><a href=\"#\">Instagram<\/a><\/p>\n\n\n\n<p><a href=\"#\">X<\/a><\/p>\n\n\n\n<p><a href=\"#\">TikTok<\/a><\/p>\n<\/div>\n<\/div>\n<\/div>\n<\/div>\n<\/div>\n","protected":false},"excerpt":{"rendered":"<p>nie rozp\u0142yn\u0105\u0107 si\u0119 nie by\u0107 tylko cz\u0119\u015bci\u0105 facbooka si\u0119 by\u0107 po swojemu Instagram X TikTok<\/p>\n","protected":false},"author":1,"featured_media":0,"parent":0,"menu_order":0,"comment_status":"closed","ping_status":"closed","template":"","meta":{"_monsterinsights_skip_tracking":false,"_monsterinsights_sitenote_active":false,"_monsterinsights_sitenote_note":"","_monsterinsights_sitenote_category":0,"_uf_show_specific_survey":0,"_uf_disable_surveys":false,"footnotes":""},"class_list":["post-112","page","type-page","status-publish","hentry"],"aioseo_notices":[],"_links":{"self":[{"href":"https:\/\/haiku.best\/index.php\/wp-json\/wp\/v2\/pages\/112","targetHints":{"allow":["GET"]}}],"collection":[{"href":"https:\/\/haiku.best\/index.php\/wp-json\/wp\/v2\/pages"}],"about":[{"href":"https:\/\/haiku.best\/index.php\/wp-json\/wp\/v2\/types\/page"}],"author":[{"embeddable":true,"href":"https:\/\/haiku.best\/index.php\/wp-json\/wp\/v2\/users\/1"}],"replies":[{"embeddable":true,"href":"https:\/\/haiku.best\/index.php\/wp-json\/wp\/v2\/comments?post=112"}],"version-history":[{"count":1,"href":"https:\/\/haiku.best\/index.php\/wp-json\/wp\/v2\/pages\/112\/revisions"}],"predecessor-version":[{"id":114,"href":"https:\/\/haiku.best\/index.php\/wp-json\/wp\/v2\/pages\/112\/revisions\/114"}],"wp:attachment":[{"href":"https:\/\/haiku.best\/index.php\/wp-json\/wp\/v2\/media?parent=112"}],"curies":[{"name":"wp","href":"https:\/\/api.w.org\/{rel}","templated":true}]}}